= 3*j + j + 3*j - 4. Let o(l) = t*x(l) - 9*m(l). Determine o(-9).
-7
Let d be (4 - 1 - -3) + -357. Let a = 346 + d. Let y(i) = -i**3 - 5*i**2 - 2*i - 3. What is y(a)?
7
Let z(t) be the second derivative of t**3/2 + 29*t**2 + 7*t - 5. Let j be z(-17). Let i(r) = r**3 - 7*r**2 + r. Give i(j).
7
Suppose 12 = -2*a, -d + 786 - 773 = -a. Let i(b) = -4*b + 1. What is i(d)?
-27
Let y(b) = 2*b**3 - b**2 - 4*b + 3. Let f be (-4)/(-18) + 34/9. Let v = 145 - 143. Suppose -f = -g, 4*s - v*g - 4 = -g. Calculate y(s).
7
Let a(o) = 30*o + 918. Let j(d) = 3*d + 919. Let t(r) = 2*a(r) - 3*j(r). Determine t(18).
-3
Let y be (21/63)/(2/(-18)) - -1. Let r(t) = -t + 1. Let v(i) = -5*i - 2. Let k(c) = r(c) - v(c). Calculate k(y).
-5
Let h(n) = 2*n**2 + 24*n + 12. Suppose 3*w + 25 = 4*v, -4*v - 23 = 3*w - 9*v. Determine h(w).
-10
Let t(s) = -16*s + 2 + 15*s + 6*s. Let q be (1 - (-18)/9) + -1. Calculate t(q).
12
Suppose 38 = 5*f - h, -2*f = -2*h - 15 + 3. Let j(a) be the first derivative of -a**4/4 + 8*a**3/3 - 3*a**2/2 + 12*a - 15907. Give j(f).
-12
Let j(k) = k**2 + k + 1. Let v(r) = -r**3 + 2*r**2 - 13*r - 1. Let s(y) = 5*j(y) + v(y). Let h = -449754 - -449760. What is s(h)?
-8
Let q(b) be the first derivative of b**2 + 16*b - 59. Let f be q(-7). Let w(y) = 3*y**2 - y - 2. Calculate w(f).
8
Let u(o) = -8*o**2 - 7*o + 21. Let n(i) = -3*i**2 + 6. Let h(p) = -3*n(p) + u(p). Suppose -5*a + 6 = -4*a. Calculate h(a).
-3
Let t = 72 + -76. Let p(j) = -7*j - 3*j**2 + 2*j**2 + 5*j - 5 - 3*j + 2*j. Calculate p(t).
-9
Suppose 0 = 4*h + h - 25. Suppose 18 = 2*c + 4*o, 2*c + 0*c - h*o = 9. Let k(y) = -y + 7. Give k(c).
0
Let q(h) = -h**2 - 12*h - 31. Let j be q(-3). Let t(y) = 4*y + 19. Give t(j).
3
Let d(w) be the second derivative of 1/12*w**4 - 2*w - 2*w**2 + 65 + 1/6*w**3. Calculate d(0).
-4
Let u = 4 - 2. Suppose 0 = 5*r - 6*r - u. Let t(c) = -21*c - 54 + 20*c - 48 - 53 - 34 + 193. Determine t(r).
6
Let w(f) be the third derivative of -f**6/120 + f**5/12 + 7*f**4/12 - 26*f**3/3 + 14*f**2 - 43. What is w(6)?
-4
Suppose 18 = -22*y + 28*y. Let h(t) be the third derivative of -t**6/120 + t**5/20 + t**4/12 + 2*t**3/3 + 76*t**2. What is h(y)?
10
Let z(x) = 10*x - 4. Let a(f) = -11*f - 12. Let w(o) = -a(o) - z(o). What is w(-15)?
1
Let g(s) = -91*s - 4463. Let k be g(-49). Let z(p) = 10*p**2 - p + 13. Let d(r) = 3*r**2 + 4. Let n(b) = -7*d(b) + 2*z(b). What is n(k)?
-10
Let g(h) be the first derivative of h - h**2 + 7 - 7/3*h**3. Calculate g(1).
-8
Let p(o) = 77*o - 695. Let a = 17281 - 17272. Give p(a).
-2
Suppose 0 = -i + 4, -3*g = g - 5*i - 1196. Let b(x) = x + x + 308 - g. Let j be (-37)/7 - (-8)/28. Calculate b(j).
-6
Let g(w) = -2*w + 10. Let h(m) = -2*m + 9. Let y(c) = 2*c + 4. Let k be y(-5). Let a be 91/26 - (-1 + k/(-4)). Let l(p) = a*g(p) - 4*h(p). What is l(4)?
2
Let z = 116 + -114. Let c(u) = -6 + 1272*u - 420*u - 426*u - 417*u - u**z. Give c(9).
-6
Let t(r) = 5*r**2 + 4*r - r**3 + r**2 - 5*r. Suppose c = 4*b + 245, b - 5*c + 44 + 22 = 0. Let o = -55 - b. Give t(o).
-6
Let n = -60 + 102. Let g = 46 - n. Let l = g - -5. Let z(q) = 2*q - 13. What is z(l)?
5
Let d = 2382 - 2379. Let x(l) = -8*l. Determine x(d).
-24
Let y(j) = 2*j - 60 + 59 - 24*j**2 + 21*j**2 + 4*j. What is y(1)?
2
Let r(f) be the first derivative of 2*f - 13/2*f**2 + 3 + 1/3*f**3. Let m = -1663 - -1676. Give r(m).
2
Let h = 6 + -3. Suppose 5*j - 4*f - 6 = -0*f, 0 = -4*j + 2*f + 6. Let c(q) = -2*q + 9*q**2 - q**3 + 6*q**j + 0*q - 11*q**2. Calculate c(h).
3
Let c(s) = 47*s + 49*s + 53*s - 267 - 159*s. Let l be c(-26). Let h(m) = m**3 + 7*m**2 - m - 7. Calculate h(l).
0
Let n(d) = -38*d - 2. Let c be n(-1). Suppose -j + 30 = -i, 2*j + 2*j + c = -2*i. Let x be (-4)/i - 930/130. Let u(p) = p**3 + 7*p**2 + 2. Determine u(x).
2
Let j(g) = -8*g - 1 - 13 - 19 + 42. What is j(10)?
-71
Let b(u) be the first derivative of u**3/6 - 9*u**2/2 + 63*u + 12. Let q(l) be the first derivative of b(l). Determine q(6).
-3
Let c(r) = 22*r - 4. Let m be c(1). Let v = m - 20. Let q be (4 - 2)*4/(-8) - v. Let d(s) = 5*s. Calculate d(q).
5
Let y(r) = -12*r - 2075 - 1922 + 3422. Calculate y(-48).
1
Let x = -977 - -563. Let p = x + 415. Let q(b) = -3*b**2 + 1. Give q(p).
-2
Let g = -35 + 37. Suppose 3 = y + 3*q - 9, g*y - 5*q = 13. Let r(v) = -2*v - 8*v**2 - 7*v + v + v**3 - 2. What is r(y)?
7
Let n(t) = 2*t**2 + 99*t + 824. Let g be n(-39). Let c(x) = 2*x**3 - 6*x**2 - 7*x + 2. What is c(g)?
67
Let r = 325 - 292. Let i(u) = -u**2 - 2*u - 34*u**3 + 0*u - 5*u + 5*u + r*u**3 + 10. Calculate i(0).
10
Let u(y) = 5*y - 9. Suppose 3*a + 2*c - 44 = -20, -2*a - 3*c = -26. Give u(a).
11
Let j(w) be the third derivative of -w**7/2520 - 5*w**5/12 + w**4/8 + 19*w**2 - 2. Let m(o) be the third derivative of j(o). What is m(1)?
-2
Let b = 1 - 4. Let o = b - -2. Let m(q) = 29*q**2 + 2*q - 1. Let v(h) = 141*h**2 + 10*h - 4. Let j(d) = 5*m(d) - v(d). Determine j(o).
3
Let n = 26266 - 26248. Let q(b) = b**3 - 18*b**2 + 6*b - 27. Determine q(n).
81
Let z(f) = -7*f - 183 + 60 + 82 + 80. Give z(6).
-3
Let n(a) = 95*a - 5. Let m be n(-2). Let b = -202 - m. Let r(p) = p**3 + 6*p**2 - 9*p - 7. Give r(b).
7
Let o(b) = -54*b**2 + 10*b - 8. Let t(d) = 204*d**2 - 39*d + 31. Let m(h) = 23*o(h) + 6*t(h). What is m(-2)?
-62
Let v(r) = r**2 + 20*r + 17. Suppose -454*g + 369*g = 1445. Determine v(g).
-34
Let i(c) = 35*c + 13. Let q(u) = -41*u - 17. Let x(v) = -7*i(v) - 6*q(v). Suppose -d = 2*d + 9, 2*w + 4*d = -34. Determine x(w).
0
Suppose 3*p + 4548*d - 4543*d = 32, 0 = 5*p - 2*d - 43. Let i(b) = b**3 - 7*b**2 - 15*b - 30. Calculate i(p).
-3
Let t be 0 + 0 + (-3)/(-1). Suppose 0 = t*h + 2*h - 40. Let p(f) = 23 - 12 + 964*f - 965*f. Calculate p(h).
3
Let m = 25381 - 25382. Let t(k) = 6*k**3 + k**2 + 10*k + 9. What is t(m)?
-6
Suppose -5*r + 4*l = 16 - 3, 0 = 2*r - l + 4. Let x(v) = 30*v + 5. Let m(f) = -2*f + 2. Let g(k) = r*x(k) + 2*m(k). Determine g(1).
-35
Let g = 1887 - -2033. Let x be 4/(-18) + g/630. Let v(s) = -s**2 + s + 7. What is v(x)?
-23
Let t(w) = -95*w + 665. Let y be t(7). Let x(r) = -4*r - 2. Let p be x(-1). Let f(s) = 0*s**2 - 13 + s**p - s - 5 + 1. Calculate f(y).
-17
Let s be (9 - 0)/(5/((-15)/(-9))). Suppose m + 18 = -5*o, s*o + 21 = -3*m - o. Let v(q) = -q**3 - 4*q**2 - 3*q. What is v(m)?
0
Let s(b) be the first derivative of 5/2*b**2 + 2*b - 1/3*b**3 - 160. Determine s(5).
2
Let a(m) = -306 + 89 - m**3 + 89 + 76 + 3*m + 17*m**2. Give a(17).
-1
Let h(q) be the first derivative of -12 + 13*q**2 + 16*q**2 + 54 - 3*q - 33*q**2 + 3*q**2. Determine h(-3).
3
Let j(l) = -l**2 - 8*l - 10. Suppose 2*c = -3*p + 12, 5*c - 19 = -5*p + 6. Suppose h - 3*q = -11 - 2, -p*q = -4. Give j(h).
-3
Let j(a) be the first derivative of a**2 - 2*a + 121523. Let r be (6/2)/(-2 + 1). What is j(r)?
-8
Let n be (12/(-42) + 39/63)*0. Suppose c - 6*r - 8 = 9, 3*c - 4*r + 5 = n. Let k(p) = -p - 8. Calculate k(c).
-1
Suppose 4*u - 5 = 5*z + 7, -5*u - 2*z = -15. Let p(q) = 17*q + 2 - 67*q + 51*q - 3*q**2. Give p(u).
-22
Let z(q) be the third derivative of 7*q**6/120 + q**4/12 + q**3/3 + 2*q**2 - 167. Suppose -4*l - 1 = 3. What is z(l)?
-7
Let z be (6/15)/(1/(-5)). Let i(r) be the second derivative of r**4/4 + 11*r**2/2 + 12*r. Let m(t) = -2*t**2 - 7. Let g(y) = 5*i(y) + 8*m(y). Determine g(z).
-5
Let v(t) = -3*t**3 - 4*t**2 + 5*t + 1. Let c(w) = w**3 - w - 2. Suppose 37 = -21*g + 58. Let k(l) = g*v(l) + 2*c(l). What is k(-5)?
7
Let m be 0*(9/6)/(3/2). Let k(v) = 3*v**3 + 3*v**2 - 4*v - 13. Let g = -20 + 24. Let u(j) = j**3 + j**2 - j - 1. Let r(f) = g*u(f) - k(f). Calculate r(m).
9
Let k = 3195 + -3065. Let f be -12*4/(-6) - -1. Suppose -f*g + k = 4*g. Let i(q) = q**2 - 9*q - 7. What is i(g)?
3
Let u(o) = -o**3 + 8*o**2 + 3*o + 19. Let d = 2207 + -2199. What is u(d)?
43
Suppose 5*b - 13 - 17 = 0. Let f(r) = -5*r + 11. Let z(m) = -m - 9. Let s(d) = -2. Let a(u) = -11*s(u) + 2*z(u). Let n(v) = 8*a(v) - 3*f(v). Determine n(b).
-7
Let d(l) = l**2 + 19*l + 5. Let j = 27776 + -27795. Give d(j).
5
Let y(i) be the third derivative of -i**5/60 + i**4/6 - i**3/6 - 20*i**2 - 17. Determine y(10).
-61
Let m(h) be the first derivative of h**2/2 + 4*h + 460. Let r = 0 + 0. Suppose -4*s - 12 - 16 = r. What is m(s)?
-3
Let x be 3/(-11) + (-15249)/(-2431). Let c(d) = -14*d + 30. What is c